(-2 - (-3 - -2)). Let w = -51 - -59. What is the highest common divisor of w and m?
8
Let a be 2/(2 + 4/(-3)). Let k be (a - 2)*45 - -2. Let l = -25 + k. What is the greatest common divisor of l and 55?
11
Suppose 4*l - g - 381 = 0, 3*l + 0*l + 2*g - 283 = 0. Calculate the highest common factor of 19 and l.
19
Suppose 6*t = t + 625. Let h = t + -80. Calculate the greatest common divisor of 18 and h.
9
Suppose 5*o = 5*z + 5, -z - 3*o + 2 = -o. Suppose q - 22 + 14 = z. Let v = -20 - -32. Calculate the highest common divisor of v and q.
4
Suppose -272*w - 180 = -278*w. What is the greatest common divisor of w and 390?
30
Let g(n) = -5*n**3 + 2*n**2 + 4*n + 2. Let u be g(-2). Suppose -z = -3*p + 2*p - 24, 0 = 5*z + 5*p - 160. What is the highest common divisor of u and z?
14
Let b(o) = -8*o - 45. Let s be b(-6). Suppose -4*i + 20 = 2*y, -4*y + 10 = -s*y - 3*i. Calculate the highest common divisor of 10 and y.
10
Let o be -3 + -4 + 12 - 4. Suppose 3*h - 29 = -5*c, 0 = c - 5*h - 8 + 19. Calculate the greatest common divisor of c and o.
1
Let l(h) = h - 21. Let z(f) = -f + 22. Let b(d) = -3*l(d) - 2*z(d). Let k be b(-20). Calculate the highest common divisor of 13 and k.
13
Suppose 7*o = 12*o - 205. What is the highest common divisor of 943 and o?
41
Suppose -2*i + 12*u - 14*u + 26 = 0, 5*i - 61 = -3*u. Calculate the greatest common divisor of i and 352.
11
Suppose 2*r = 8, 0 = -2*c + c + r + 26. Let f = -1277 + 1322. What is the greatest common divisor of f and c?
15
Let y be (136/34)/(4/50). Calculate the highest common divisor of 225 and y.
25
Suppose -2*w - 302 = -5*p, w = -0*p - p + 59. Suppose 2*z + p = 5*d, 2*z + 45 = 5*d + 3*z. What is the greatest common factor of 15 and d?
5
Suppose 5*m + 4 + 4 = 2*b, -20 = -5*m. Calculate the greatest common divisor of b and 98.
14
Let i = 1640 - 1497. What is the highest common divisor of 99 and i?
11
Let u(c) = c**2 + c + 33. Let w be u(0). Suppose 0 = 169*o - 175*o + 990. What is the greatest common factor of w and o?
33
Let h(i) = i + 10. Let c be h(8). Calculate the greatest common divisor of c and 12.
6
Suppose 16 = -109*m + 113*m. Calculate the greatest common factor of m and 10.
2
Let r be (-615)/(-18) + 3/(-18). Suppose -4*i + r = -38. Calculate the highest common factor of i and 6.
6
Suppose 2*g - 1171 = 5*o, g - 6*g + 2916 = -o. What is the highest common divisor of g and 53?
53
Let u be (3/7*-5 - -2) + 840/49. Let k(r) = r**3 - 7*r**2 + 9*r - 1. Let w be k(6). What is the greatest common factor of w and u?
17
Suppose n - 9*n = -184. Suppose -72 = 19*z - n*z. What is the greatest common divisor of 6 and z?
6
Let i(u) = 33*u + 392. Let s be i(-11). What is the highest common factor of s and 29?
29
Let b be (84/9 - 9)*(-1 + 73). Calculate the greatest common divisor of b and 32.
8
Let l(c) = -3*c + 17. Let o be l(8). Let q(x) = 2*x**2 + 4*x - 19. Let i be q(o). What is the highest common divisor of 3 and i?
3
Let w(d) = -d - 7. Let r be w(-9). Suppose r*g - g + 19 = -5*n, 5*n - 3*g + 3 = 0. Let y be n + (93*-4)/(-3). What is the highest common factor of y and 11?
11
Let p = -1231 - -1239. What is the highest common divisor of p and 12?
4
Let n = -444 + 654. Let x = -11 + 41. Calculate the highest common factor of n and x.
30
Suppose 1996 = 7*q + 771. What is the highest common factor of 25 and q?
25
Let z(m) = -120*m + 188. Let r be z(-11). What is the highest common divisor of 104 and r?
52
Let q = 414 - -441. Let n be (q/(-75))/((-1)/15). Calculate the highest common factor of 19 and n.
19
Let u(q) be the first derivative of -q + 2/3*q**3 + 9/2*q**2 - 1. Let y be u(-7). Calculate the greatest common factor of y and 51.
17
Let h be ((-3)/(-3))/(5/(-685)). Let s = -38 - h. Suppose 3*g - s = -2*q - 16, 54 = q + 4*g. What is the highest common factor of q and 374?
34
Suppose 24*d - 552 = 18*d + 3*n, -5*d + 5*n + 460 = 0. Let i = 225 - 156. Calculate the greatest common factor of d and i.
23
Let p = 173 - -207. Calculate the highest common divisor of 20 and p.
20
Let c(w) = 4*w - 4. Let p be c(3). Let r be ((-9)/4)/((-2)/p). Calculate the highest common factor of r and 27.
9
Suppose 21*n - 26*n = -50. Suppose -n*w = -3*w - 2849. What is the greatest common divisor of 37 and w?
37
Suppose -4*j - 176 = 2*t - 542, -j + 2*t + 84 = 0. What is the greatest common factor of 18 and j?
18
Suppose 4*h - 55 = 69. Let z = 140 + h. Suppose 0 = -t - 0*t + 19. Calculate the greatest common divisor of t and z.
19
Let y = 3 + 1. Suppose -y*u + 35 = -9. Let b(a) = 30*a**2 + 604*a - 1207. Let l be b(2). Calculate the highest common divisor of u and l.
11
Let c = 31 + -27. Suppose 5*r - n = 4, 3*n = c*r + 2*n - 4. Suppose 5*v - 20 = r, -2*v = 2*m - 3*m + 15. What is the highest common divisor of 115 and m?
23
Suppose 483 = 2*a + s, -s - 1243 = -5*a - 18. Calculate the highest common divisor of 4 and a.
4
Let d be (-43 + -4)*2 + 0 + 2. Let f be -11 + 11 + (1 - (d + -2)). Calculate the greatest common divisor of 19 and f.
19
Let m = 11 - 9. Let j(w) = -5*w**2 - 3*w**m + 9*w**2 - 3 + 15*w**2 + 3*w. Let c be j(3). Calculate the highest common divisor of 25 and c.
25
Let p = 93 + -187. Let u be 2/(-1) + (-6)/(-1). Let h = u - p. Calculate the highest common divisor of 14 and h.
14
Suppose -4*d = -5*m - 2195, -3*d + 5*m + 1081 = -564. Suppose -55*x = -60*x + d. What is the greatest common divisor of x and 22?
22
Let f be 12*30/(-36)*-2. Calculate the highest common divisor of 320 and f.
20
Let y = 568 - 1233. Let x be (y/(-14))/((-1)/(-2)). Calculate the greatest common factor of x and 19.
19
Suppose 2*p - s = -51 + 226, 86 = p + s. What is the highest common divisor of p and 29?
29
Let f be (-4)/8 + (-410)/(-4). Suppose z + 43 = 49. What is the greatest common factor of f and z?
6
Let s(m) be the first derivative of 2*m**3/3 + m**2/2 + 11. Let b be s(-7). What is the highest common factor of 13 and b?
13
Let m(j) = -52*j - 465. Let y be m(-9). What is the highest common divisor of 699 and y?
3
Let b = 167 - -67. Suppose -2*l = 3*s - 323, -3*l = 3*s - 93 - b. What is the highest common divisor of s and 42?
21
Let x(y) = -y**3 - 3*y**2 + 4*y. Let u be x(-4). Suppose 0 = -u*z + 3*z - 63. Calculate the highest common divisor of 7 and z.
7
Suppose 4*x - 21 - 99 = 0. Suppose -2*u + 43 + 1 = 0. Let c = u + -17. What is the greatest common factor of c and x?
5
Suppose 0 = 5*v - q + 5, 0*q = 4*q - 20. Suppose 5*y - j = j + 545, 5*j = v. Let p be (-4)/24 - y/(-6). Calculate the greatest common factor of 54 and p.
18
Suppose 0 = -6*f + 5*f + 6. Suppose y - 3 = -0. Suppose -y*c - 3 = -x, -2*x + 4*x - 3*c = 12. What is the highest common factor of f and x?
3
Suppose -4*x = -3*q - 0*q + 20, -5*q = x - 64. Suppose 0*y + y = 30. Calculate the greatest common divisor of y and q.
6
Let m(z) = -2 - 2 + 3 - z**3 - 10*z**2 - 10*z. Let v be 0/((-10)/35*-7) + -9. Let n be m(v). What is the highest common factor of 8 and n?
8
Let z be 32/(-10) - (-6)/30. Let y be ((-2)/4)/(z/30). Suppose 45 + y = 5*i. Calculate the greatest common divisor of i and 20.
10
Suppose 2*s - 4*z - 436 = -8*z, -5*s + 2*z + 1042 = 0. Calculate the highest common factor of 6 and s.
6
Suppose 6 = 3*t, 5*t - 298 = -z + 8*t. Suppose o + 5*q - 144 = -o, 4*o - z = -2*q. What is the greatest common divisor of 7 and o?
7
Let t(g) = -g**3 + 10*g**2 - 7*g + 2. Suppose 0 = -p + 2*v + 4 + 3, -p = 2*v - 11. Let m be t(p). What is the highest common factor of m and 220?
20
Suppose 0 = -3*k + 4*k + 113. Let o(h) = -h**3 - h**2 + h + 1. Let v be o(0). Let b be -1 - (k - 3)*v. Calculate the greatest common factor of b and 46.
23
Let o be 234/72 - 1/4. Let c be (o/4)/(7/336). What is the greatest common factor of 24 and c?
12
Suppose -5*i - v + 17 = -i, -3*i - v + 13 = 0. Suppose -d + 40 = -4*p + 14, p = -i*d + 36. Calculate the greatest common divisor of 50 and d.
10
Suppose -2*z + 128 + 294 = 2*h, -4*z = -h - 869. Calculate the greatest common divisor of 27 and z.
27
Suppose 5*b + 4 = 5*v - 16, -5*v - 4*b + 29 = 0. Let i be (36/10)/6*v. Suppose o = 9 - 0. Calculate the greatest common divisor of o and i.
3
Suppose -3*c = 0, 2*c - 84 = -2*m + 4*c. Suppose 17*z - 11*z - m = 0. Calculate the greatest common factor of 28 and z.
7
Let t be (-2 + -7)*30/(-9). Calculate the greatest common f